{"id":24906,"date":"2023-12-04T00:32:13","date_gmt":"2023-12-04T00:32:13","guid":{"rendered":"https:\/\/statera.fo\/?page_id=24906"},"modified":"2024-09-16T17:31:55","modified_gmt":"2024-09-16T16:31:55","slug":"tidindaskriv","status":"publish","type":"page","link":"https:\/\/statera.fo\/?page_id=24906","title":{"rendered":"T\u00ed\u00f0indaskriv"},"content":{"rendered":"\t\t<div data-elementor-type=\"wp-page\" data-elementor-id=\"24906\" class=\"elementor elementor-24906\" data-elementor-post-type=\"page\">\n\t\t\t\t<div class=\"elementor-element elementor-element-6306aef e-flex e-con-boxed e-con e-parent\" data-id=\"6306aef\" data-element_type=\"container\" data-e-type=\"container\">\n\t\t\t\t\t<div class=\"e-con-inner\">\n\t\t\t\t<div class=\"elementor-element elementor-element-187ead7 elementor-widget elementor-widget-spacer\" data-id=\"187ead7\" data-element_type=\"widget\" data-e-type=\"widget\" data-widget_type=\"spacer.default\">\n\t\t\t\t<div class=\"elementor-widget-container\">\n\t\t\t\t\t\t\t<div class=\"elementor-spacer\">\n\t\t\t<div class=\"elementor-spacer-inner\"><\/div>\n\t\t<\/div>\n\t\t\t\t\t\t<\/div>\n\t\t\t\t<\/div>\n\t\t\t\t<div class=\"elementor-element elementor-element-1f15ff2 elementor-widget elementor-widget-heading\" data-id=\"1f15ff2\" data-element_type=\"widget\" data-e-type=\"widget\" data-widget_type=\"heading.default\">\n\t\t\t\t<div class=\"elementor-widget-container\">\n\t\t\t\t\t<h1 class=\"elementor-heading-title elementor-size-default\">Greinar<\/h1>\t\t\t\t<\/div>\n\t\t\t\t<\/div>\n\t\t\t\t<div class=\"elementor-element elementor-element-7f6707f elementor-widget elementor-widget-shortcode\" data-id=\"7f6707f\" data-element_type=\"widget\" data-e-type=\"widget\" data-widget_type=\"shortcode.default\">\n\t\t\t\t<div class=\"elementor-widget-container\">\n\t\t\t\t\t\t\t<div class=\"elementor-shortcode\"><!-- Meta Pixel Code -->\n<script>\n!function(f,b,e,v,n,t,s)\n{if(f.fbq)return;n=f.fbq=function(){n.callMethod?\nn.callMethod.apply(n,arguments):n.queue.push(arguments)};\nif(!f._fbq)f._fbq=n;n.push=n;n.loaded=!0;n.version='2.0';\nn.queue=[];t=b.createElement(e);t.async=!0;\nt.src=v;s=b.getElementsByTagName(e)[0];\ns.parentNode.insertBefore(t,s)}(window,document,'script',\n'https:\/\/connect.facebook.net\/en_US\/fbevents.js');\n fbq('init', '1002018408202601'); \nfbq('track', 'PageView');\n<\/script>\n<noscript>\n <img height=\"1\" width=\"1\" \nsrc=\"https:\/\/www.facebook.com\/tr?id=1002018408202601&ev=PageView\n&noscript=1\"\/>\n<\/noscript>\n<!-- End Meta Pixel Code --><\/div>\n\t\t\t\t\t\t<\/div>\n\t\t\t\t<\/div>\n\t\t\t\t<div class=\"elementor-element elementor-element-512cb17 elementor-widget elementor-widget-spacer\" data-id=\"512cb17\" data-element_type=\"widget\" data-e-type=\"widget\" data-widget_type=\"spacer.default\">\n\t\t\t\t<div class=\"elementor-widget-container\">\n\t\t\t\t\t\t\t<div class=\"elementor-spacer\">\n\t\t\t<div class=\"elementor-spacer-inner\"><\/div>\n\t\t<\/div>\n\t\t\t\t\t\t<\/div>\n\t\t\t\t<\/div>\n\t\t\t\t\t<\/div>\n\t\t\t\t<\/div>\n\t\t<div class=\"elementor-element elementor-element-041706a e-flex e-con-boxed e-con e-parent\" data-id=\"041706a\" data-element_type=\"container\" data-e-type=\"container\">\n\t\t\t\t\t<div class=\"e-con-inner\">\n\t\t\t\t<div class=\"elementor-element elementor-element-0968601 elementor-grid-3 elementor-grid-tablet-2 elementor-grid-mobile-1 elementor-posts--thumbnail-top elementor-widget elementor-widget-posts\" data-id=\"0968601\" data-element_type=\"widget\" data-e-type=\"widget\" data-settings=\"{&quot;classic_columns&quot;:&quot;3&quot;,&quot;classic_columns_tablet&quot;:&quot;2&quot;,&quot;classic_columns_mobile&quot;:&quot;1&quot;,&quot;classic_row_gap&quot;:{&quot;unit&quot;:&quot;px&quot;,&quot;size&quot;:35,&quot;sizes&quot;:[]},&quot;classic_row_gap_tablet&quot;:{&quot;unit&quot;:&quot;px&quot;,&quot;size&quot;:&quot;&quot;,&quot;sizes&quot;:[]},&quot;classic_row_gap_mobile&quot;:{&quot;unit&quot;:&quot;px&quot;,&quot;size&quot;:&quot;&quot;,&quot;sizes&quot;:[]}}\" data-widget_type=\"posts.classic\">\n\t\t\t\t<div class=\"elementor-widget-container\">\n\t\t\t\t\t\t\t<div class=\"elementor-posts-container elementor-posts elementor-posts--skin-classic elementor-grid\" role=\"list\">\n\t\t\t\t<article class=\"elementor-post elementor-grid-item post-26485 post type-post status-publish format-standard has-post-thumbnail hentry category-greinar\" role=\"listitem\">\n\t\t\t\t<a class=\"elementor-post__thumbnail__link\" href=\"https:\/\/statera.fo\/?p=26485\" tabindex=\"-1\" >\n\t\t\t<div class=\"elementor-post__thumbnail\"><img fetchpriority=\"high\" decoding=\"async\" width=\"185\" height=\"273\" src=\"https:\/\/statera.fo\/wp-content\/uploads\/2024\/09\/Kan-man-taenke-sig-rask-1.jpg\" class=\"attachment-medium size-medium wp-image-26487\" alt=\"\" \/><\/div>\n\t\t<\/a>\n\t\t\t\t<div class=\"elementor-post__text\">\n\t\t\t\t<h3 class=\"elementor-post__title\">\n\t\t\t<a href=\"https:\/\/statera.fo\/?p=26485\" >\n\t\t\t\tKan Man T\u00e6nke Sig Rask ?\t\t\t<\/a>\n\t\t<\/h3>\n\t\t\t\t<div class=\"elementor-post__meta-data\">\n\t\t\t\t\t<span class=\"elementor-post-date\">\n\t\t\t14 September, 2024\t\t<\/span>\n\t\t\t\t<\/div>\n\t\t\t\t<div class=\"elementor-post__excerpt\">\n\t\t\t<p>Fyrilestur vi\u00f0 Thomas Breinholt \u00ed Dansifr\u00f8\u00f0i 13\/9-2024 \u00cd gj\u00e1r var serstakliga \u00e1hugaverdur fyrilestur \u00ed Dansifr\u00f8\u00f0i, vi\u00f0 kenda danska fakta- og heimildarritstj\u00f3ranum, Thomas Breinholt. Seinastu 5 \u00e1rini, hevur Thomas Breinholt veri\u00f0<\/p>\n\t\t<\/div>\n\t\t\t\t\t<div class=\"elementor-post__read-more-wrapper\">\n\t\t\n\t\t<a class=\"elementor-post__read-more\" href=\"https:\/\/statera.fo\/?p=26485\" aria-label=\"Read more about Kan Man T\u00e6nke Sig Rask ?\" tabindex=\"-1\" >\n\t\t\tLes meira \u00bb\t\t<\/a>\n\n\t\t\t\t\t<\/div>\n\t\t\t\t<\/div>\n\t\t\t\t<\/article>\n\t\t\t\t<article class=\"elementor-post elementor-grid-item post-24971 post type-post status-publish format-standard has-post-thumbnail hentry category-blog\" role=\"listitem\">\n\t\t\t\t<a class=\"elementor-post__thumbnail__link\" href=\"https:\/\/statera.fo\/?p=24971\" tabindex=\"-1\" >\n\t\t\t<div class=\"elementor-post__thumbnail\"><img decoding=\"async\" width=\"300\" height=\"194\" src=\"https:\/\/statera.fo\/wp-content\/uploads\/2023\/11\/katherine-hanlon-QgcdtM9rA5s-unsplash-300x194.jpg\" class=\"attachment-medium size-medium wp-image-24497\" alt=\"\" srcset=\"https:\/\/statera.fo\/wp-content\/uploads\/2023\/11\/katherine-hanlon-QgcdtM9rA5s-unsplash-300x194.jpg 300w, https:\/\/statera.fo\/wp-content\/uploads\/2023\/11\/katherine-hanlon-QgcdtM9rA5s-unsplash-scaled-600x388.jpg 600w, https:\/\/statera.fo\/wp-content\/uploads\/2023\/11\/katherine-hanlon-QgcdtM9rA5s-unsplash-1024x663.jpg 1024w, https:\/\/statera.fo\/wp-content\/uploads\/2023\/11\/katherine-hanlon-QgcdtM9rA5s-unsplash-768x497.jpg 768w, https:\/\/statera.fo\/wp-content\/uploads\/2023\/11\/katherine-hanlon-QgcdtM9rA5s-unsplash-1536x994.jpg 1536w, https:\/\/statera.fo\/wp-content\/uploads\/2023\/11\/katherine-hanlon-QgcdtM9rA5s-unsplash-2048x1325.jpg 2048w\" sizes=\"(max-width: 300px) 100vw, 300px\" \/><\/div>\n\t\t<\/a>\n\t\t\t\t<div class=\"elementor-post__text\">\n\t\t\t\t<h3 class=\"elementor-post__title\">\n\t\t\t<a href=\"https:\/\/statera.fo\/?p=24971\" >\n\t\t\t\tAkupunkturur kann veita javnv\u00e1g\t\t\t<\/a>\n\t\t<\/h3>\n\t\t\t\t<div class=\"elementor-post__meta-data\">\n\t\t\t\t\t<span class=\"elementor-post-date\">\n\t\t\t6 December, 2023\t\t<\/span>\n\t\t\t\t<\/div>\n\t\t\t\t<div class=\"elementor-post__excerpt\">\n\t\t\t<p>Kroppurin ger ikki mun \u00e1 s\u00e1larligari og kropsligari p\u00ednu. Gongur t\u00fa vi\u00f0 s\u00e1larligari p\u00ednu ov leingi, f\u00e6rt t\u00fa eisini kropsliga p\u00ednu sum fr\u00e1 l\u00ed\u00f0ur, sigur Gunnv\u00e1 Wardum, sj\u00fakrar\u00f8ktarfr\u00f8\u00f0ingur og akupunkt\u00f8rur,<\/p>\n\t\t<\/div>\n\t\t\t\t\t<div class=\"elementor-post__read-more-wrapper\">\n\t\t\n\t\t<a class=\"elementor-post__read-more\" href=\"https:\/\/statera.fo\/?p=24971\" aria-label=\"Read more about Akupunkturur kann veita javnv\u00e1g\" tabindex=\"-1\" >\n\t\t\tLes meira \u00bb\t\t<\/a>\n\n\t\t\t\t\t<\/div>\n\t\t\t\t<\/div>\n\t\t\t\t<\/article>\n\t\t\t\t<article class=\"elementor-post elementor-grid-item post-24969 post type-post status-publish format-standard has-post-thumbnail hentry category-blog\" role=\"listitem\">\n\t\t\t\t<a class=\"elementor-post__thumbnail__link\" href=\"https:\/\/statera.fo\/?p=24969\" tabindex=\"-1\" >\n\t\t\t<div class=\"elementor-post__thumbnail\"><img loading=\"lazy\" decoding=\"async\" width=\"300\" height=\"300\" src=\"https:\/\/statera.fo\/wp-content\/uploads\/2023\/12\/9B7B34A2-BF35-4B4C-A3B3-73D83A0580B1-300x300.jpeg\" class=\"attachment-medium size-medium wp-image-24733\" alt=\"\" srcset=\"https:\/\/statera.fo\/wp-content\/uploads\/2023\/12\/9B7B34A2-BF35-4B4C-A3B3-73D83A0580B1-300x300.jpeg 300w, https:\/\/statera.fo\/wp-content\/uploads\/2023\/12\/9B7B34A2-BF35-4B4C-A3B3-73D83A0580B1-100x100.jpeg 100w, https:\/\/statera.fo\/wp-content\/uploads\/2023\/12\/9B7B34A2-BF35-4B4C-A3B3-73D83A0580B1-600x600.jpeg 600w, https:\/\/statera.fo\/wp-content\/uploads\/2023\/12\/9B7B34A2-BF35-4B4C-A3B3-73D83A0580B1-1024x1024.jpeg 1024w, https:\/\/statera.fo\/wp-content\/uploads\/2023\/12\/9B7B34A2-BF35-4B4C-A3B3-73D83A0580B1-150x150.jpeg 150w, https:\/\/statera.fo\/wp-content\/uploads\/2023\/12\/9B7B34A2-BF35-4B4C-A3B3-73D83A0580B1-768x768.jpeg 768w, https:\/\/statera.fo\/wp-content\/uploads\/2023\/12\/9B7B34A2-BF35-4B4C-A3B3-73D83A0580B1-1536x1536.jpeg 1536w, https:\/\/statera.fo\/wp-content\/uploads\/2023\/12\/9B7B34A2-BF35-4B4C-A3B3-73D83A0580B1.jpeg 2048w\" sizes=\"(max-width: 300px) 100vw, 300px\" \/><\/div>\n\t\t<\/a>\n\t\t\t\t<div class=\"elementor-post__text\">\n\t\t\t\t<h3 class=\"elementor-post__title\">\n\t\t\t<a href=\"https:\/\/statera.fo\/?p=24969\" >\n\t\t\t\tPr\u00e1t um akupunktur \u00ed sendinini &#8216;R\u00e1k&#8217; \u00ed R7\t\t\t<\/a>\n\t\t<\/h3>\n\t\t\t\t<div class=\"elementor-post__meta-data\">\n\t\t\t\t\t<span class=\"elementor-post-date\">\n\t\t\t6 December, 2023\t\t<\/span>\n\t\t\t\t<\/div>\n\t\t\t\t<div class=\"elementor-post__excerpt\">\n\t\t\t<p>Pr\u00e1ta\u00f0 ver\u00f0ur um, hvat akupuntkurur er og hvussu ta\u00f0 kann hj\u00e1lpa. Tosa\u00f0 ver\u00f0ur um vi\u00f0ger\u00f0 vi\u00f0 n\u00e1lum, lasarastr\u00e1lum og s\u00fagvikoppum og um at moxa. Tosa\u00f0 ver\u00f0ur eisini um h\u00e1t\u00f8kni pl\u00e1stur,<\/p>\n\t\t<\/div>\n\t\t\t\t\t<div class=\"elementor-post__read-more-wrapper\">\n\t\t\n\t\t<a class=\"elementor-post__read-more\" href=\"https:\/\/statera.fo\/?p=24969\" aria-label=\"Read more about Pr\u00e1t um akupunktur \u00ed sendinini &#8216;R\u00e1k&#8217; \u00ed R7\" tabindex=\"-1\" >\n\t\t\tLes meira \u00bb\t\t<\/a>\n\n\t\t\t\t\t<\/div>\n\t\t\t\t<\/div>\n\t\t\t\t<\/article>\n\t\t\t\t<article class=\"elementor-post elementor-grid-item post-24965 post type-post status-publish format-standard has-post-thumbnail hentry category-blog category-granskingar\" role=\"listitem\">\n\t\t\t\t<a class=\"elementor-post__thumbnail__link\" href=\"https:\/\/statera.fo\/?p=24965\" tabindex=\"-1\" >\n\t\t\t<div class=\"elementor-post__thumbnail\"><img loading=\"lazy\" decoding=\"async\" width=\"259\" height=\"194\" src=\"https:\/\/statera.fo\/wp-content\/uploads\/2023\/12\/parkinson.jpg\" class=\"attachment-medium size-medium wp-image-24966\" alt=\"\" \/><\/div>\n\t\t<\/a>\n\t\t\t\t<div class=\"elementor-post__text\">\n\t\t\t\t<h3 class=\"elementor-post__title\">\n\t\t\t<a href=\"https:\/\/statera.fo\/?p=24965\" >\n\t\t\t\tAkupunkturur \u00ed smb vi\u00f0 Parkinson\t\t\t<\/a>\n\t\t<\/h3>\n\t\t\t\t<div class=\"elementor-post__meta-data\">\n\t\t\t\t\t<span class=\"elementor-post-date\">\n\t\t\t6 December, 2023\t\t<\/span>\n\t\t\t\t<\/div>\n\t\t\t\t<div class=\"elementor-post__excerpt\">\n\t\t\t<p>Kanningar v\u00edsa, at AKUPUNKTURUR kann linna n\u00f3gv um \u00e1rinini, i\u00f0 parkinsonsj\u00fakan hevur vi\u00f0 s\u00e6r, t.d. sv\u00f8vntrupulleikar og \u00e1rin fr\u00e1 maga-tarmkervinum. Eisini hevur vi\u00f0ger\u00f0in v\u00edst seg at hava sera g\u00f3\u00f0a \u00e1virkan<\/p>\n\t\t<\/div>\n\t\t\t\t\t<div class=\"elementor-post__read-more-wrapper\">\n\t\t\n\t\t<a class=\"elementor-post__read-more\" href=\"https:\/\/statera.fo\/?p=24965\" aria-label=\"Read more about Akupunkturur \u00ed smb vi\u00f0 Parkinson\" tabindex=\"-1\" >\n\t\t\tLes meira \u00bb\t\t<\/a>\n\n\t\t\t\t\t<\/div>\n\t\t\t\t<\/div>\n\t\t\t\t<\/article>\n\t\t\t\t<article class=\"elementor-post elementor-grid-item post-24956 post type-post status-publish format-standard has-post-thumbnail hentry category-blog\" role=\"listitem\">\n\t\t\t\t<a class=\"elementor-post__thumbnail__link\" href=\"https:\/\/statera.fo\/?p=24956\" tabindex=\"-1\" >\n\t\t\t<div class=\"elementor-post__thumbnail\"><img loading=\"lazy\" decoding=\"async\" width=\"300\" height=\"169\" src=\"https:\/\/statera.fo\/wp-content\/uploads\/2023\/12\/Kronisk-tarmsjuka-300x169.webp\" class=\"attachment-medium size-medium wp-image-24962\" alt=\"\" srcset=\"https:\/\/statera.fo\/wp-content\/uploads\/2023\/12\/Kronisk-tarmsjuka-300x169.webp 300w, https:\/\/statera.fo\/wp-content\/uploads\/2023\/12\/Kronisk-tarmsjuka.webp 600w\" sizes=\"(max-width: 300px) 100vw, 300px\" \/><\/div>\n\t\t<\/a>\n\t\t\t\t<div class=\"elementor-post__text\">\n\t\t\t\t<h3 class=\"elementor-post__title\">\n\t\t\t<a href=\"https:\/\/statera.fo\/?p=24956\" >\n\t\t\t\tKanning um akupunktur og kroniskar Tarmsj\u00fakur\t\t\t<\/a>\n\t\t<\/h3>\n\t\t\t\t<div class=\"elementor-post__meta-data\">\n\t\t\t\t\t<span class=\"elementor-post-date\">\n\t\t\t6 December, 2023\t\t<\/span>\n\t\t\t\t<\/div>\n\t\t\t\t<div class=\"elementor-post__excerpt\">\n\t\t\t<p>\u00cd F\u00f8royum eru fleiri tilbur\u00f0ir av kroniskum tarmsj\u00fakum, enn \u00ed londunum rundan um okkum. Vit \u00ed Statera ynskja, at eisini f\u00f3lk vi\u00f0 hesum sj\u00fakum, kunna n\u00fdta akupunktur sum ein av<\/p>\n\t\t<\/div>\n\t\t\t\t\t<div class=\"elementor-post__read-more-wrapper\">\n\t\t\n\t\t<a class=\"elementor-post__read-more\" href=\"https:\/\/statera.fo\/?p=24956\" aria-label=\"Read more about Kanning um akupunktur og kroniskar Tarmsj\u00fakur\" tabindex=\"-1\" >\n\t\t\tLes meira \u00bb\t\t<\/a>\n\n\t\t\t\t\t<\/div>\n\t\t\t\t<\/div>\n\t\t\t\t<\/article>\n\t\t\t\t<\/div>\n\t\t\n\t\t\t\t\t\t<\/div>\n\t\t\t\t<\/div>\n\t\t\t\t\t<\/div>\n\t\t\t\t<\/div>\n\t\t\t\t<\/div>\n\t\t","protected":false},"excerpt":{"rendered":"<p>Greinar<\/p>\n","protected":false},"author":1,"featured_media":0,"parent":0,"menu_order":0,"comment_status":"closed","ping_status":"closed","template":"","meta":{"_uf_show_specific_survey":0,"_uf_disable_surveys":false,"site-sidebar-layout":"no-sidebar","site-content-layout":"page-builder","ast-site-content-layout":"full-width-container","site-content-style":"default","site-sidebar-style":"default","ast-global-header-display":"","ast-banner-title-visibility":"","ast-main-header-display":"","ast-hfb-above-header-display":"","ast-hfb-below-header-display":"","ast-hfb-mobile-header-display":"","site-post-title":"disabled","ast-breadcrumbs-content":"","ast-featured-img":"disabled","footer-sml-layout":"","ast-disable-related-posts":"","theme-transparent-header-meta":"","adv-header-id-meta":"","stick-header-meta":"","header-above-stick-meta":"","header-main-stick-meta":"","header-below-stick-meta":"","astra-migrate-meta-layouts":"set","ast-page-background-enabled":"default","ast-page-background-meta":{"desktop":{"background-color":"","background-image":"","background-repeat":"repeat","background-position":"center center","background-size":"auto","background-attachment":"scroll","background-type":"","background-media":"","overlay-type":"","overlay-color":"","overlay-opacity":"","overlay-gradient":""},"tablet":{"background-color":"","background-image":"","background-repeat":"repeat","background-position":"center center","background-size":"auto","background-attachment":"scroll","background-type":"","background-media":"","overlay-type":"","overlay-color":"","overlay-opacity":"","overlay-gradient":""},"mobile":{"background-color":"","background-image":"","background-repeat":"repeat","background-position":"center center","background-size":"auto","background-attachment":"scroll","background-type":"","background-media":"","overlay-type":"","overlay-color":"","overlay-opacity":"","overlay-gradient":""}},"ast-content-background-meta":{"desktop":{"background-color":"var(--ast-global-color-5)","background-image":"","background-repeat":"repeat","background-position":"center center","background-size":"auto","background-attachment":"scroll","background-type":"","background-media":"","overlay-type":"","overlay-color":"","overlay-opacity":"","overlay-gradient":""},"tablet":{"background-color":"var(--ast-global-color-5)","background-image":"","background-repeat":"repeat","background-position":"center center","background-size":"auto","background-attachment":"scroll","background-type":"","background-media":"","overlay-type":"","overlay-color":"","overlay-opacity":"","overlay-gradient":""},"mobile":{"background-color":"var(--ast-global-color-5)","background-image":"","background-repeat":"repeat","background-position":"center center","background-size":"auto","background-attachment":"scroll","background-type":"","background-media":"","overlay-type":"","overlay-color":"","overlay-opacity":"","overlay-gradient":""}},"_price":"","_stock":"","_tribe_ticket_header":"","_tribe_default_ticket_provider":"","_tribe_ticket_capacity":"0","_ticket_start_date":"","_ticket_end_date":"","_tribe_ticket_show_description":"","_tribe_ticket_show_not_going":false,"_tribe_ticket_use_global_stock":"","_tribe_ticket_global_stock_level":"","_global_stock_mode":"","_global_stock_cap":"","_tribe_rsvp_for_event":"","_tribe_ticket_going_count":"","_tribe_ticket_not_going_count":"","_tribe_tickets_list":"[]","_tribe_ticket_has_attendee_info_fields":false,"_themeisle_gutenberg_block_has_review":false,"footnotes":"","_tec_slr_enabled":"","_tec_slr_layout":""},"class_list":["post-24906","page","type-page","status-publish","hentry"],"aioseo_notices":[],"ticketed":false,"post_mailing_queue_ids":[],"_links":{"self":[{"href":"https:\/\/statera.fo\/index.php?rest_route=\/wp\/v2\/pages\/24906","targetHints":{"allow":["GET"]}}],"collection":[{"href":"https:\/\/statera.fo\/index.php?rest_route=\/wp\/v2\/pages"}],"about":[{"href":"https:\/\/statera.fo\/index.php?rest_route=\/wp\/v2\/types\/page"}],"author":[{"embeddable":true,"href":"https:\/\/statera.fo\/index.php?rest_route=\/wp\/v2\/users\/1"}],"replies":[{"embeddable":true,"href":"https:\/\/statera.fo\/index.php?rest_route=%2Fwp%2Fv2%2Fcomments&post=24906"}],"version-history":[{"count":28,"href":"https:\/\/statera.fo\/index.php?rest_route=\/wp\/v2\/pages\/24906\/revisions"}],"predecessor-version":[{"id":26524,"href":"https:\/\/statera.fo\/index.php?rest_route=\/wp\/v2\/pages\/24906\/revisions\/26524"}],"wp:attachment":[{"href":"https:\/\/statera.fo\/index.php?rest_route=%2Fwp%2Fv2%2Fmedia&parent=24906"}],"curies":[{"name":"wp","href":"https:\/\/api.w.org\/{rel}","templated":true}]}}