{"id":24675,"date":"2023-11-29T12:05:17","date_gmt":"2023-11-29T12:05:17","guid":{"rendered":"https:\/\/statera.fo\/?post_type=product&#038;p=24675"},"modified":"2026-01-25T22:12:15","modified_gmt":"2026-01-25T22:12:15","slug":"fridkandi-andlitsvidgerd","status":"publish","type":"product","link":"https:\/\/statera.fo\/?product=fridkandi-andlitsvidgerd","title":{"rendered":"Fr\u00ed\u00f0kandi Andlitsvi\u00f0ger\u00f0"},"content":{"rendered":"<p><span style=\"font-weight: 400;\">Kosmetiskur akupunkturur, eisini kalla\u00f0ur fr\u00ed\u00f0kandi akupunkturur, kann kallast at ver\u00f0a tann n\u00e1tt\u00farliga andlitslyftingin.<\/span><\/p>\n<p>&nbsp;<\/p>\n<p><span style=\"font-weight: 400;\">Vi\u00f0ger\u00f0in dregur n\u00e1tt\u00farligu andlitsbr\u00f8gdini frarm og \u00fatstr\u00e1lingin ver\u00f0ur framr\u00e1\u00f0in og solei\u00f0is ver\u00f0ur eisini innara \u00fatstr\u00e1lingin t\u00fd\u00f0uligari \u00edgj\u00f8gnum eygna\u00fatrykki\u00f0. Andliti\u00f0 f\u00e6r eitt lyft og h\u00fa\u00f0in kemur at s\u00fdnast yngri.<\/span><\/p>\n<p>&nbsp;<\/p>\n<p><span style=\"font-weight: 400;\">\u00datyvir hetta, er vi\u00f0ger\u00f0in sera avslappandi og avstressandi og solei\u00f0is eisini g\u00f3\u00f0 til t\u00edn, i\u00f0 ynskir at ber\u00f3liga nervasystemi\u00f0 og at koma \u2019ni\u00f0ur \u00ed gear\u2019.<\/span><\/p>\n<p>&nbsp;<\/p>\n<p><span style=\"font-weight: 400;\">Fr\u00ed\u00f0kandi akupunkturur er MUNAG\u00d3\u00d0UR til:<\/span><\/p>\n<p><span style=\"font-weight: 400;\">&#8211; rukkur<\/span><\/p>\n<p><span style=\"font-weight: 400;\">&#8211; pannu-foyrur<\/span><\/p>\n<p><span style=\"font-weight: 400;\">&#8211; veikan andlitsmuskulatur<\/span><\/p>\n<p><span style=\"font-weight: 400;\">&#8211; \u2018kr\u00e1kuf\u00f8tur\u2019 \u00fatfr\u00e1 eygnakr\u00f3kunum og munnvikunum<\/span><\/p>\n<p><span style=\"font-weight: 400;\">&#8211; tung eygnalok<\/span><\/p>\n<p><span style=\"font-weight: 400;\">&#8211; posar undir eygunum<\/span><\/p>\n<p><span style=\"font-weight: 400;\">&#8211; myrkar randir undir eygunum<\/span><\/p>\n<p><span style=\"font-weight: 400;\">&#8211; feita ella turra h\u00fa\u00f0 og h\u00fa\u00f0, sum hevur mist \u2018\u00fatstr\u00e1lingina\u2019<\/span><\/p>\n<p><span style=\"font-weight: 400;\">&#8211; rey\u00f0ligan h\u00fa\u00f0alit<\/span><\/p>\n<p><span style=\"font-weight: 400;\">&#8211; akne, eksem og rosacea<\/span><\/p>\n<p><span style=\"font-weight: 400;\">&#8211; Minkar um t\u00fd\u00f0iligu tekini upp\u00e1 strongd, i\u00f0 v\u00edsa seg \u00ed andlitinum<\/span><\/p>\n<p><span style=\"font-weight: 400;\">&#8211; Avstressan<\/span><\/p>\n<p>&nbsp;<\/p>\n<p><span style=\"font-weight: 400;\">HVUSSU hj\u00e1lpir akupunkturur?<\/span><\/p>\n<p><span style=\"font-weight: 400;\">&#8211; Vi\u00f0ger\u00f0in betrar um bl\u00f3\u00f0- og lymfurensl \u00ed andlitinum og fugtar hon solei\u00f0is h\u00fa\u00f0ina og reinsar fyri \u00f3t\u00f8rv.<\/span><\/p>\n<p><span style=\"font-weight: 400;\">&#8211; Styrkir spenningin\/tonus \u00ed andlitsmusklunum<\/span><\/p>\n<p><span style=\"font-weight: 400;\">&#8211; Stimbrar kollagen-framlei\u00f0sluna \u00ed andlitsh\u00fa\u00f0ini<\/span><\/p>\n<p><span style=\"font-weight: 400;\">&#8211; Betrar um hormonjavnv\u00e1gina<\/span><\/p>\n<p>&nbsp;<\/p>\n<p><span style=\"font-weight: 400;\">\u00cd vi\u00f0ger\u00f0ini br\u00faka vi\u00f0 teknikkir, i\u00f0 kallast guasha, cupping massagu og n\u00e1lir. Br\u00fakt ver\u00f0ur spirulina andlitsmaska, i\u00f0 er ein av r\u00edkastu keldum til antioxidantar, vitaminir og mineralir. Harafturat er Spirulina r\u00edk upp\u00e1 gamma-linolensyru, sum verjir sjalvst\u00f8\u00f0ugu funkti\u00f3nina av h\u00fa\u00f0kyknum og muskulaturi \u00ed andlitinum, solei\u00f0is at n\u00fdggju h\u00fakyknurnar ver\u00f0a sunnar og fr\u00edskar.<\/span><\/p>\n<p>&nbsp;<\/p>\n<p><span style=\"font-weight: 400;\">\u00cd fr\u00ed\u00f0kandi akupunkturi ganga heilsa og vakurleiki hond \u00ed hond. T.v.s., at l\u00edvst\u00edlstillagingar eru ein partur av vi\u00f0ger\u00f0ini.<\/span><\/p>\n<p>&nbsp;<\/p>\n<p>Vi\u00f0ger\u00f0in er \u00ed 1 t\u00edma og 3o minuttir.<\/p>\n","protected":false},"excerpt":{"rendered":"<h4><span style=\"color: #8aa73f;\"><strong><a style=\"color: #8aa73f;\" href=\"https:\/\/statera.app4.geckobooking.dk\/site\/index.php?icCode=4fd0045cd544e4881b7d1a3c2f4bebebb9157&amp;dTpl=1\">B\u00edlegg t\u00edna vi\u00f0ger\u00f0 her<\/a><\/strong><\/span><\/h4>\n","protected":false},"featured_media":24673,"comment_status":"open","ping_status":"closed","template":"","meta":{"_uf_show_specific_survey":0,"_uf_disable_surveys":false,"site-sidebar-layout":"default","site-content-layout":"","ast-site-content-layout":"default","site-content-style":"default","site-sidebar-style":"default","ast-global-header-display":"","ast-banner-title-visibility":"","ast-main-header-display":"","ast-hfb-above-header-display":"","ast-hfb-below-header-display":"","ast-hfb-mobile-header-display":"","site-post-title":"","ast-breadcrumbs-content":"","ast-featured-img":"","footer-sml-layout":"","ast-disable-related-posts":"","theme-transparent-header-meta":"default","adv-header-id-meta":"","stick-header-meta":"","header-above-stick-meta":"","header-main-stick-meta":"","header-below-stick-meta":"","astra-migrate-meta-layouts":"set","ast-page-background-enabled":"default","ast-page-background-meta":{"desktop":{"background-color":"","background-image":"","background-repeat":"repeat","background-position":"center center","background-size":"auto","background-attachment":"scroll","background-type":"","background-media":"","overlay-type":"","overlay-color":"","overlay-opacity":"","overlay-gradient":""},"tablet":{"background-color":"","background-image":"","background-repeat":"repeat","background-position":"center center","background-size":"auto","background-attachment":"scroll","background-type":"","background-media":"","overlay-type":"","overlay-color":"","overlay-opacity":"","overlay-gradient":""},"mobile":{"background-color":"","background-image":"","background-repeat":"repeat","background-position":"center center","background-size":"auto","background-attachment":"scroll","background-type":"","background-media":"","overlay-type":"","overlay-color":"","overlay-opacity":"","overlay-gradient":""}},"ast-content-background-meta":{"desktop":{"background-color":"var(--ast-global-color-5)","background-image":"","background-repeat":"repeat","background-position":"center center","background-size":"auto","background-attachment":"scroll","background-type":"","background-media":"","overlay-type":"","overlay-color":"","overlay-opacity":"","overlay-gradient":""},"tablet":{"background-color":"var(--ast-global-color-5)","background-image":"","background-repeat":"repeat","background-position":"center center","background-size":"auto","background-attachment":"scroll","background-type":"","background-media":"","overlay-type":"","overlay-color":"","overlay-opacity":"","overlay-gradient":""},"mobile":{"background-color":"var(--ast-global-color-5)","background-image":"","background-repeat":"repeat","background-position":"center center","background-size":"auto","background-attachment":"scroll","background-type":"","background-media":"","overlay-type":"","overlay-color":"","overlay-opacity":"","overlay-gradient":""}},"_price":"900","_stock":null,"_tribe_ticket_header":"","_tribe_default_ticket_provider":"","_tribe_ticket_capacity":"0","_ticket_start_date":"","_ticket_end_date":"","_tribe_ticket_show_description":"","_tribe_ticket_show_not_going":false,"_tribe_ticket_use_global_stock":"","_tribe_ticket_global_stock_level":"","_global_stock_mode":"","_global_stock_cap":"","_tribe_rsvp_for_event":"","_tribe_ticket_going_count":"","_tribe_ticket_not_going_count":"","_tribe_tickets_list":"[]","_tribe_ticket_has_attendee_info_fields":false,"_themeisle_gutenberg_block_has_review":false},"product_brand":[],"product_cat":[41,70],"product_tag":[],"class_list":{"0":"post-24675","1":"product","2":"type-product","3":"status-publish","4":"has-post-thumbnail","6":"product_cat-fridkandi-andlitsvidgerd","7":"product_cat-vardveit-titt-vakra-andlit","8":"desktop-align-center","9":"tablet-align-left","10":"mobile-align-left","12":"first","13":"instock","14":"taxable","15":"shipping-taxable","16":"product-type-external"},"aioseo_notices":[],"post_mailing_queue_ids":[],"_links":{"self":[{"href":"https:\/\/statera.fo\/index.php?rest_route=\/wp\/v2\/product\/24675","targetHints":{"allow":["GET"]}}],"collection":[{"href":"https:\/\/statera.fo\/index.php?rest_route=\/wp\/v2\/product"}],"about":[{"href":"https:\/\/statera.fo\/index.php?rest_route=\/wp\/v2\/types\/product"}],"replies":[{"embeddable":true,"href":"https:\/\/statera.fo\/index.php?rest_route=%2Fwp%2Fv2%2Fcomments&post=24675"}],"wp:featuredmedia":[{"embeddable":true,"href":"https:\/\/statera.fo\/index.php?rest_route=\/wp\/v2\/media\/24673"}],"wp:attachment":[{"href":"https:\/\/statera.fo\/index.php?rest_route=%2Fwp%2Fv2%2Fmedia&parent=24675"}],"wp:term":[{"taxonomy":"product_brand","embeddable":true,"href":"https:\/\/statera.fo\/index.php?rest_route=%2Fwp%2Fv2%2Fproduct_brand&post=24675"},{"taxonomy":"product_cat","embeddable":true,"href":"https:\/\/statera.fo\/index.php?rest_route=%2Fwp%2Fv2%2Fproduct_cat&post=24675"},{"taxonomy":"product_tag","embeddable":true,"href":"https:\/\/statera.fo\/index.php?rest_route=%2Fwp%2Fv2%2Fproduct_tag&post=24675"}],"curies":[{"name":"wp","href":"https:\/\/api.w.org\/{rel}","templated":true}]}}