{"id":25233,"date":"2024-01-13T16:47:02","date_gmt":"2024-01-13T16:47:02","guid":{"rendered":"https:\/\/statera.fo\/?product=thieves"},"modified":"2026-03-01T10:11:51","modified_gmt":"2026-03-01T10:11:51","slug":"thieves","status":"publish","type":"product","link":"https:\/\/statera.fo\/?product=thieves","title":{"rendered":"Thieves+ 5 ml \u2013 Olja til immunverju og andalei\u00f0ir"},"content":{"rendered":"<h2 data-start=\"272\" data-end=\"293\">Hvat er Thieves\u00ae+?<\/h2>\n<p data-start=\"295\" data-end=\"434\">Thieves\u00ae+ er ein av best umt\u00f8ktu essentiellu oljunum fr\u00e1 Young Living. Oljan er kend fyri s\u00edn stu\u00f0landi virka \u00e1 immunverjuna og andalei\u00f0irnar.<\/p>\n<p data-start=\"436\" data-end=\"624\">Oljan er samansett av nelikum, lemon, kanel, eucalyptus radiata og rosmarin. Henda samanseting gevur ein kraftfullan virka og ein krydda\u00f0an og fr\u00edskan anga.<\/p>\n<p data-start=\"626\" data-end=\"703\">Thieves+ br\u00fakast \u00e1 ymiskan h\u00e1tt \u2013 b\u00e6\u00f0i innvortis og \u00fatvortis.<\/p>\n<p data-start=\"626\" data-end=\"703\"><img fetchpriority=\"high\" decoding=\"async\" class=\"alignnone size-medium wp-image-27065\" src=\"http:\/\/statera.fo\/wp-content\/uploads\/2024\/01\/Thieves-Oil-and-Natural-Ingredients-200x300.png\" alt=\"\" width=\"200\" height=\"300\" srcset=\"https:\/\/statera.fo\/wp-content\/uploads\/2024\/01\/Thieves-Oil-and-Natural-Ingredients-200x300.png 200w, https:\/\/statera.fo\/wp-content\/uploads\/2024\/01\/Thieves-Oil-and-Natural-Ingredients-600x900.png 600w, https:\/\/statera.fo\/wp-content\/uploads\/2024\/01\/Thieves-Oil-and-Natural-Ingredients-683x1024.png 683w, https:\/\/statera.fo\/wp-content\/uploads\/2024\/01\/Thieves-Oil-and-Natural-Ingredients-768x1152.png 768w, https:\/\/statera.fo\/wp-content\/uploads\/2024\/01\/Thieves-Oil-and-Natural-Ingredients.png 1024w\" sizes=\"(max-width: 200px) 100vw, 200px\" \/><\/p>\n<hr data-start=\"705\" data-end=\"708\" \/>\n<h2 data-start=\"710\" data-end=\"735\">Fyrimunir vi\u00f0 Thieves+<\/h2>\n<p data-start=\"737\" data-end=\"790\">Vi\u00f0 regluligari n\u00fdtslu kanst t\u00fa uppliva hesar \u00e1g\u00f3\u00f0ar:<\/p>\n<ul data-start=\"792\" data-end=\"983\">\n<li data-start=\"792\" data-end=\"816\">\n<p data-start=\"794\" data-end=\"816\">Styrkir immunverjuna<\/p>\n<\/li>\n<li data-start=\"817\" data-end=\"849\">\n<p data-start=\"819\" data-end=\"849\">Hevur antimikrobiellan virkna<\/p>\n<\/li>\n<li data-start=\"850\" data-end=\"887\">\n<p data-start=\"852\" data-end=\"887\">Arbei\u00f0ir \u00edm\u00f3ti bakterium og virus<\/p>\n<\/li>\n<li data-start=\"888\" data-end=\"923\">\n<p data-start=\"890\" data-end=\"923\">Linnar fyltar n\u00e6sa- og hj\u00e1holur<\/p>\n<\/li>\n<li data-start=\"924\" data-end=\"949\">\n<p data-start=\"926\" data-end=\"949\">Styrkir andalei\u00f0irnar<\/p>\n<\/li>\n<li data-start=\"950\" data-end=\"983\">\n<p data-start=\"952\" data-end=\"983\">Gevur orku og betrar um lagi\u00f0<\/p>\n<\/li>\n<\/ul>\n<p data-start=\"985\" data-end=\"1037\">Thieves+ ver\u00f0ur ofta br\u00fakt \u00ed k\u00f8ldu t\u00ed\u00f0ini.<\/p>\n<hr data-start=\"1039\" data-end=\"1042\" \/>\n<h2 data-start=\"1044\" data-end=\"1077\">Hvussu kann eg br\u00faka Thieves+?<\/h2>\n<p>&nbsp;<\/p>\n<h3 data-start=\"1155\" data-end=\"1169\">\u00cd diffuser<\/h3>\n<p data-start=\"1171\" data-end=\"1302\">Fyrst og fremst kann Thieves+ luftspja\u00f0ast \u00ed r\u00fami\u00f0. Ta\u00f0 skapar eitt serstakt huglag. Samstundis kann ta\u00f0 minka um strongd og \u00f3r\u00f3gv.<\/p>\n<h3 data-start=\"1304\" data-end=\"1317\">\u00cd dampba\u00f0<\/h3>\n<p data-start=\"1319\" data-end=\"1457\">Eisini kanst t\u00fa br\u00faka Thieves+ \u00ed dampba\u00f0i. Set nakrar dropar \u00ed ein bolla\/fat vi\u00f0 k\u00f3ka\u00f0um vatni. Legg h\u00f8vdi\u00f0 inn yvir bollan\/fati\u00f0 og legg handkl\u00e6\u00f0i yvir.<\/p>\n<p data-start=\"1459\" data-end=\"1598\">At anda dampin kann hj\u00e1lpa vi\u00f0 trupulleikum \u00ed andalei\u00f0unum og fyltum hj\u00e1holum. Best er at blunda, so t\u00fa sleppur undan irritati\u00f3n \u00ed eygunum.<\/p>\n<h3 data-start=\"1600\" data-end=\"1612\">\u00c1 h\u00fa\u00f0ina<\/h3>\n<p data-start=\"1614\" data-end=\"1746\">Thieves+ kann smyrjast \u00e1 h\u00fa\u00f0ina. T\u00f3 er umr\u00e1\u00f0andi at tynna hana \u00ed a\u00f0rari olju fyrst. Solei\u00f0is minkar t\u00fa um vandan fyri h\u00fa\u00f0reakti\u00f3num.<\/p>\n<p data-start=\"1748\" data-end=\"1812\">Harumframt kanst t\u00fa blanda hana \u00ed t\u00edtt krem og smyrja \u00e1 kroppin.<\/p>\n<h3 data-start=\"1814\" data-end=\"1834\">\u00cd vatn ella mati<\/h3>\n<p data-start=\"1836\" data-end=\"1956\">Ein dropi av Thieves+ kann latast \u00ed eitt glas av vatni ella \u00ed te. Eisini kann hon br\u00fakast sum krydd \u00ed mati ella bakstri.<\/p>\n<p data-start=\"1958\" data-end=\"2048\">Summi velja at inntaka 1\u20132 koppar um dagin \u00ed kuldat\u00ed\u00f0ini, t\u00ed ta\u00f0 kann stu\u00f0la immunverjuni.<\/p>\n<hr data-start=\"2050\" data-end=\"2053\" \/>\n<h2 data-start=\"2055\" data-end=\"2073\">M\u00f8gulig hj\u00e1\u00e1rin<\/h2>\n<p data-start=\"2075\" data-end=\"2128\">Sum vi\u00f0 \u00f8llum essentiellum oljum, er gott at vera varin.<\/p>\n<ul data-start=\"2130\" data-end=\"2235\">\n<li data-start=\"2130\" data-end=\"2186\">\n<p data-start=\"2132\" data-end=\"2186\">H\u00fa\u00f0reakti\u00f3nir kunnu fyribyrgjast vi\u00f0 at tynna oljuna<\/p>\n<\/li>\n<li data-start=\"2187\" data-end=\"2235\">\n<p data-start=\"2189\" data-end=\"2235\">Fotosensibilitetur kann koma orsaka\u00f0 av lemon (lemon er \u00ed Thievs)<\/p>\n<\/li>\n<\/ul>\n<p data-start=\"2237\" data-end=\"2343\">T\u00ed er umr\u00e1\u00f0andi at verja h\u00fa\u00f0ina v\u00e6l vi\u00f0 s\u00f3lverju, um t\u00fa hevur smurt Thieves+ \u00e1 h\u00fa\u00f0ina og fert \u00fat \u00ed s\u00f3lina.<\/p>\n<hr data-start=\"2345\" data-end=\"2348\" \/>\n<h2 data-start=\"2350\" data-end=\"2387\">Kanningar um innihaldi\u00f0 \u00ed Thieves+<\/h2>\n<p>Her eru nakrar kanningar, i\u00f0 eru gj\u00f8rdar av n\u00f8krum av innihaldsoljunum, sum Thieves stendur av:<\/p>\n<ul>\n<li>Um antimikrobiella virkan\u00f0in &#8211; <a href=\"https:\/\/www.ncbi.nlm.nih.gov\/pmc\/articles\/PMC5641543\/\">kanel og nelikar \u00edm\u00f3ti Borrelia Burgdorferi (2017)<\/a>, <a href=\"https:\/\/www.ncbi.nlm.nih.gov\/pmc\/articles\/PMC6064118\/\">kanel sum darvandi fyri h\u00e6mophilus influenzae og streptokokpneumoni (2018)<\/a> og <a href=\"https:\/\/www.ncbi.nlm.nih.gov\/pmc\/articles\/PMC3609378\/\">eucalyptus sum kempar \u00edm\u00f3ti E. Coli og Staph Aureus (h\u00fa\u00f0infekit\u00f3nir) (2012)<\/a><\/li>\n<li>Um vi\u00f0ger\u00f0 av s\u00e1rum &#8211; <a href=\"https:\/\/www.ncbi.nlm.nih.gov\/pmc\/articles\/PMC6515316\/\">har er kanel, sum stimbrar s\u00e1rleking og berjist \u00edm\u00f3ti s\u00e1rbakteriuni Pseudomonas aeruginosa (2019)<\/a> og <a href=\"https:\/\/pubmed.ncbi.nlm.nih.gov\/30012898\/\">eucalyptus, sum stimbrar s\u00e1rleking (2018)<\/a><\/li>\n<\/ul>\n<hr data-start=\"2808\" data-end=\"2811\" \/>\n<h2 data-start=\"2813\" data-end=\"2854\">Okkara \u00farval av essentiellum oljum<\/h2>\n<p data-start=\"2856\" data-end=\"2957\">Ert t\u00fa \u00e1huga\u00f0 \u00ed fleiri oljum til immunverju og v\u00e6lveru?<br data-start=\"2911\" data-end=\"2914\" \/><a href=\"https:\/\/statera.fo\/?product_cat=oljur\">S\u00ed alt okkara \u00farval av essentiellum oljum her<\/a>.<\/p>\n<p>&nbsp;<\/p>\n","protected":false},"excerpt":{"rendered":"<p>Thieves er immunstyrkjandi essentiel olja vi\u00f0 nelikum, sitr\u00f3n og kanel.<\/p>\n<p>Fyrimunir :<\/p>\n<ul>\n<li>Stimbrar immunverjuna<\/li>\n<li>Stimbrar sunnar andalei\u00f0ir<\/li>\n<li>Virkar antimikrobielt<\/li>\n<\/ul>\n","protected":false},"featured_media":25232,"comment_status":"open","ping_status":"closed","template":"","meta":{"_uf_show_specific_survey":0,"_uf_disable_surveys":false,"site-sidebar-layout":"default","site-content-layout":"default","ast-site-content-layout":"default","site-content-style":"default","site-sidebar-style":"default","ast-global-header-display":"","ast-banner-title-visibility":"","ast-main-header-display":"","ast-hfb-above-header-display":"","ast-hfb-below-header-display":"","ast-hfb-mobile-header-display":"","site-post-title":"","ast-breadcrumbs-content":"","ast-featured-img":"","footer-sml-layout":"","ast-disable-related-posts":"","theme-transparent-header-meta":"default","adv-header-id-meta":"","stick-header-meta":"","header-above-stick-meta":"","header-main-stick-meta":"","header-below-stick-meta":"","astra-migrate-meta-layouts":"set","ast-page-background-enabled":"default","ast-page-background-meta":{"desktop":{"background-color":"","background-image":"","background-repeat":"repeat","background-position":"center center","background-size":"auto","background-attachment":"scroll","background-type":"","background-media":"","overlay-type":"","overlay-color":"","overlay-opacity":"","overlay-gradient":""},"tablet":{"background-color":"","background-image":"","background-repeat":"repeat","background-position":"center center","background-size":"auto","background-attachment":"scroll","background-type":"","background-media":"","overlay-type":"","overlay-color":"","overlay-opacity":"","overlay-gradient":""},"mobile":{"background-color":"","background-image":"","background-repeat":"repeat","background-position":"center center","background-size":"auto","background-attachment":"scroll","background-type":"","background-media":"","overlay-type":"","overlay-color":"","overlay-opacity":"","overlay-gradient":""}},"ast-content-background-meta":{"desktop":{"background-color":"var(--ast-global-color-5)","background-image":"","background-repeat":"repeat","background-position":"center center","background-size":"auto","background-attachment":"scroll","background-type":"","background-media":"","overlay-type":"","overlay-color":"","overlay-opacity":"","overlay-gradient":""},"tablet":{"background-color":"var(--ast-global-color-5)","background-image":"","background-repeat":"repeat","background-position":"center center","background-size":"auto","background-attachment":"scroll","background-type":"","background-media":"","overlay-type":"","overlay-color":"","overlay-opacity":"","overlay-gradient":""},"mobile":{"background-color":"var(--ast-global-color-5)","background-image":"","background-repeat":"repeat","background-position":"center center","background-size":"auto","background-attachment":"scroll","background-type":"","background-media":"","overlay-type":"","overlay-color":"","overlay-opacity":"","overlay-gradient":""}},"_price":"250","_stock":"0","_tribe_ticket_header":"","_tribe_default_ticket_provider":"","_tribe_ticket_capacity":"5","_ticket_start_date":"","_ticket_end_date":"","_tribe_ticket_show_description":"","_tribe_ticket_show_not_going":false,"_tribe_ticket_use_global_stock":"","_tribe_ticket_global_stock_level":"","_global_stock_mode":"","_global_stock_cap":"","_tribe_rsvp_for_event":"","_tribe_ticket_going_count":"","_tribe_ticket_not_going_count":"","_tribe_tickets_list":"[]","_tribe_ticket_has_attendee_info_fields":false,"_themeisle_gutenberg_block_has_review":false},"product_brand":[104],"product_cat":[114],"product_tag":[],"class_list":{"0":"post-25233","1":"product","2":"type-product","3":"status-publish","4":"has-post-thumbnail","6":"product_brand-young-living","7":"product_cat-blandadar-oljur","8":"desktop-align-center","9":"tablet-align-left","10":"mobile-align-left","12":"first","13":"onbackorder","14":"taxable","15":"shipping-taxable","16":"purchasable","17":"product-type-simple"},"aioseo_notices":[],"post_mailing_queue_ids":[],"_links":{"self":[{"href":"https:\/\/statera.fo\/index.php?rest_route=\/wp\/v2\/product\/25233","targetHints":{"allow":["GET"]}}],"collection":[{"href":"https:\/\/statera.fo\/index.php?rest_route=\/wp\/v2\/product"}],"about":[{"href":"https:\/\/statera.fo\/index.php?rest_route=\/wp\/v2\/types\/product"}],"replies":[{"embeddable":true,"href":"https:\/\/statera.fo\/index.php?rest_route=%2Fwp%2Fv2%2Fcomments&post=25233"}],"wp:featuredmedia":[{"embeddable":true,"href":"https:\/\/statera.fo\/index.php?rest_route=\/wp\/v2\/media\/25232"}],"wp:attachment":[{"href":"https:\/\/statera.fo\/index.php?rest_route=%2Fwp%2Fv2%2Fmedia&parent=25233"}],"wp:term":[{"taxonomy":"product_brand","embeddable":true,"href":"https:\/\/statera.fo\/index.php?rest_route=%2Fwp%2Fv2%2Fproduct_brand&post=25233"},{"taxonomy":"product_cat","embeddable":true,"href":"https:\/\/statera.fo\/index.php?rest_route=%2Fwp%2Fv2%2Fproduct_cat&post=25233"},{"taxonomy":"product_tag","embeddable":true,"href":"https:\/\/statera.fo\/index.php?rest_route=%2Fwp%2Fv2%2Fproduct_tag&post=25233"}],"curies":[{"name":"wp","href":"https:\/\/api.w.org\/{rel}","templated":true}]}}