{"id":25312,"date":"2024-01-14T02:35:45","date_gmt":"2024-01-14T02:35:45","guid":{"rendered":"https:\/\/statera.fo\/?post_type=product&#038;p=25312"},"modified":"2026-02-04T19:37:19","modified_gmt":"2026-02-04T19:37:19","slug":"creator","status":"publish","type":"product","link":"https:\/\/statera.fo\/?product=creator","title":{"rendered":"Serum Creator, 30 ml"},"content":{"rendered":"<p>Beskrivelse:<\/p>\n<p>24K Pure Radiance Serum til ansigtet.<\/p>\n<p>Et rigt og eksklusivt serum med 24 karat guld, som fornyer hudens gl\u00f8d og sp\u00e6ndstighed.<br \/>\nStyrker hudens regenererende egenskaber og beriger med et vitaliserende boost af fugt og n\u00e6ring.<\/p>\n<p>De \u00f8kologiske l\u00e6geurter stimulerer naturligt hudens collagendannelse og hyaluronsyre giver intens fugt, udglatter linjer og rynker.<\/p>\n<p>Det silkebl\u00f8de serum forbedrer synligt hudens fasthed og fylde og efterlader huden frisk med en str\u00e5lende og sund gl\u00f8d<\/p>\n<p>Anvendelse:<\/p>\n<p>Start din ansigtsplejerutine med at rense ansigtet, gerne med Creamy Soft Cleanser efterfulgt af Deep Hydrating Mist and Light Serum.<\/p>\n<p>Fordel et par dr\u00e5ber serum p\u00e5 t\u00f8r og ren hud p\u00e5 ansigt og hals. Massere n\u00e6nsomt serummet ind i huden med dine fingerspidser.<\/p>\n<p>Kan bruges b\u00e5de morgen og aften.<\/p>\n<p>P\u00e5f\u00f8re ansigtscreme og\/eller olie. 24K Pure Balance Oil efter 24K Pure Radiance Serum<\/p>\n<p>Aktive ingredienser:<\/p>\n<p>24K Guld, Aloe Vera, Frankincense, Havtorn, Hyaluronsyre, Kamille, Mandelolie, Morgenfrue, Myrra, Padderokke, Solsikkeolie<\/p>\n<p>Frankincense og myrra optimerer hudens sunde balance og tilf\u00f8rer beskyttende antioxidanter.<\/p>\n<p>N\u00e6rende havtorn bl\u00f8dg\u00f8r og plejer med vitaminer og hudforbedrende omega-fedtsyrer.<\/p>\n<p>Certificering:<\/p>\n<p>Vegan Trademark<\/p>\n<p>Cosmos Organic<\/p>\n<p>INCI:<\/p>\n<p>Aloe Barbadensis Leaf Extract*, Aqua (Water), Capryloyl Glycerin\/Sebacic Acid Copolymer, Prunus Amygdalus Dulcis (Sweet Almond) Oil*, Propanediol, Helianthus Annuus (Sunflower) Seed Oil*, Anthemis Nobilis (Chamomile) Flower Water*, Calendula Officinalis Flower Water*, Microcrystalline Cellulose, Equisetum Arvense (Horsetail) Extract*, Hippophae Rhamnoides (Sea Buckthorn) Fruit Oil*, Boswellia Carterii (Frankincense) Oil*, Commiphora Myrrha (Myrrh) Oil*, Sodium Hyaluronate, Xanthan Gum, Tocopherol, Glycine Soja (Soybean) Oil, Limonene\u00b0, Linalool\u00b0, Citric Acid, Potassium Sorbate, Sodium Benzoate, Gold, CI 77400, CI 77820<\/p>\n<p>\u00b0from natural essential oils<\/p>\n<p>99% natural origin of total<\/p>\n<p>52% of the total ingredients are from organic farming<\/p>\n","protected":false},"excerpt":{"rendered":"<p>Eksklusivt andlits-serum, i\u00f0 inniheldur 24 karat gull.<\/p>\n","protected":false},"featured_media":25313,"comment_status":"open","ping_status":"closed","template":"","meta":{"_uf_show_specific_survey":0,"_uf_disable_surveys":false,"site-sidebar-layout":"default","site-content-layout":"","ast-site-content-layout":"default","site-content-style":"default","site-sidebar-style":"default","ast-global-header-display":"","ast-banner-title-visibility":"","ast-main-header-display":"","ast-hfb-above-header-display":"","ast-hfb-below-header-display":"","ast-hfb-mobile-header-display":"","site-post-title":"","ast-breadcrumbs-content":"","ast-featured-img":"","footer-sml-layout":"","ast-disable-related-posts":"","theme-transparent-header-meta":"default","adv-header-id-meta":"","stick-header-meta":"","header-above-stick-meta":"","header-main-stick-meta":"","header-below-stick-meta":"","astra-migrate-meta-layouts":"set","ast-page-background-enabled":"default","ast-page-background-meta":{"desktop":{"background-color":"","background-image":"","background-repeat":"repeat","background-position":"center center","background-size":"auto","background-attachment":"scroll","background-type":"","background-media":"","overlay-type":"","overlay-color":"","overlay-opacity":"","overlay-gradient":""},"tablet":{"background-color":"","background-image":"","background-repeat":"repeat","background-position":"center center","background-size":"auto","background-attachment":"scroll","background-type":"","background-media":"","overlay-type":"","overlay-color":"","overlay-opacity":"","overlay-gradient":""},"mobile":{"background-color":"","background-image":"","background-repeat":"repeat","background-position":"center center","background-size":"auto","background-attachment":"scroll","background-type":"","background-media":"","overlay-type":"","overlay-color":"","overlay-opacity":"","overlay-gradient":""}},"ast-content-background-meta":{"desktop":{"background-color":"var(--ast-global-color-5)","background-image":"","background-repeat":"repeat","background-position":"center center","background-size":"auto","background-attachment":"scroll","background-type":"","background-media":"","overlay-type":"","overlay-color":"","overlay-opacity":"","overlay-gradient":""},"tablet":{"background-color":"var(--ast-global-color-5)","background-image":"","background-repeat":"repeat","background-position":"center center","background-size":"auto","background-attachment":"scroll","background-type":"","background-media":"","overlay-type":"","overlay-color":"","overlay-opacity":"","overlay-gradient":""},"mobile":{"background-color":"var(--ast-global-color-5)","background-image":"","background-repeat":"repeat","background-position":"center center","background-size":"auto","background-attachment":"scroll","background-type":"","background-media":"","overlay-type":"","overlay-color":"","overlay-opacity":"","overlay-gradient":""}},"_price":"875","_stock":"2","_tribe_ticket_header":"","_tribe_default_ticket_provider":"","_tribe_ticket_capacity":"4","_ticket_start_date":"","_ticket_end_date":"","_tribe_ticket_show_description":"","_tribe_ticket_show_not_going":false,"_tribe_ticket_use_global_stock":"","_tribe_ticket_global_stock_level":"","_global_stock_mode":"","_global_stock_cap":"","_tribe_rsvp_for_event":"","_tribe_ticket_going_count":"","_tribe_ticket_not_going_count":"","_tribe_tickets_list":"[]","_tribe_ticket_has_attendee_info_fields":false,"_themeisle_gutenberg_block_has_review":false},"product_brand":[103],"product_cat":[39,66,70],"product_tag":[],"class_list":{"0":"post-25312","1":"product","2":"type-product","3":"status-publish","4":"has-post-thumbnail","6":"product_brand-lucia-care","7":"product_cat-fridkandi-akupunkturur","8":"product_cat-luciacare","9":"product_cat-vardveit-titt-vakra-andlit","10":"desktop-align-center","11":"tablet-align-left","12":"mobile-align-left","14":"first","15":"instock","16":"taxable","17":"shipping-taxable","18":"purchasable","19":"product-type-simple"},"aioseo_notices":[],"post_mailing_queue_ids":[],"_links":{"self":[{"href":"https:\/\/statera.fo\/index.php?rest_route=\/wp\/v2\/product\/25312","targetHints":{"allow":["GET"]}}],"collection":[{"href":"https:\/\/statera.fo\/index.php?rest_route=\/wp\/v2\/product"}],"about":[{"href":"https:\/\/statera.fo\/index.php?rest_route=\/wp\/v2\/types\/product"}],"replies":[{"embeddable":true,"href":"https:\/\/statera.fo\/index.php?rest_route=%2Fwp%2Fv2%2Fcomments&post=25312"}],"wp:featuredmedia":[{"embeddable":true,"href":"https:\/\/statera.fo\/index.php?rest_route=\/wp\/v2\/media\/25313"}],"wp:attachment":[{"href":"https:\/\/statera.fo\/index.php?rest_route=%2Fwp%2Fv2%2Fmedia&parent=25312"}],"wp:term":[{"taxonomy":"product_brand","embeddable":true,"href":"https:\/\/statera.fo\/index.php?rest_route=%2Fwp%2Fv2%2Fproduct_brand&post=25312"},{"taxonomy":"product_cat","embeddable":true,"href":"https:\/\/statera.fo\/index.php?rest_route=%2Fwp%2Fv2%2Fproduct_cat&post=25312"},{"taxonomy":"product_tag","embeddable":true,"href":"https:\/\/statera.fo\/index.php?rest_route=%2Fwp%2Fv2%2Fproduct_tag&post=25312"}],"curies":[{"name":"wp","href":"https:\/\/api.w.org\/{rel}","templated":true}]}}