{"id":25322,"date":"2024-01-14T02:40:44","date_gmt":"2024-01-14T02:40:44","guid":{"rendered":"https:\/\/statera.fo\/?post_type=product&#038;p=25322"},"modified":"2026-02-04T19:34:25","modified_gmt":"2026-02-04T19:34:25","slug":"morning-blizz","status":"publish","type":"product","link":"https:\/\/statera.fo\/?product=morning-blizz","title":{"rendered":"Morning Blizz, 225 ml"},"content":{"rendered":"<p>Beskrivelse:<\/p>\n<p>DeStress Day Lotion til ansigt og krop.<\/p>\n<p>Hurtigt absorberende og n\u00e6rende lotion til b\u00e5de ansigt og krop.<\/p>\n<p>DeStress Day Lotion er fyldt med naturlige og aktive ingredienser af h\u00f8jeste kvalitet.<\/p>\n<p>Aloe vera og hyaluronsyre fugter i dybden; rosmarin, padderokke, morgenfrue og kamille vitaliserer, regenererer og afstresser og sheasm\u00f8r og mandelolie tilf\u00f8rer bl\u00f8dhed og elasticitet.<\/p>\n<p>Anvendelse:<\/p>\n<p>P\u00e5f\u00f8res p\u00e5 ren hud. Fx. efter ansigtsvask eller bad med Creamy Soft Cleanser.<br \/>\nFordel over ansigt og krop og mass\u00e9r, indtil cremen er absorberet.<\/p>\n<p>Den er dr\u00f8j og let i konsistens. 2-3 pump er ofte nok til hele kroppen og til ansigtet.<\/p>\n<p>Cremen holder huden bl\u00f8d og fugtm\u00e6ttet hele dagen uden at fedte.<\/p>\n<p>Tip<\/p>\n<p>For ekstra n\u00e6rende pleje og gl\u00f8d forl\u00e6ng plejerutinen med Revitalising Oil.<\/p>\n<p>Aktive ingredienser:<\/p>\n<p>Aloe Vera, Bergamot, Cedertr\u00e6, E-Vitamin, Hyaluronsyre, Kamille, Mandelolie, Morgenfrue, Padderokke, Rosmarin, Sheasm\u00f8r, Solsikkeolie<\/p>\n<p>Certificering:<\/p>\n<p>Vegan Trademark<\/p>\n<p>Cosmos Organic<\/p>\n<p>INCI:<\/p>\n<p>Aloe Barbadensis Leaf Extract*, Aqua\/Water, Helianthus Annuus (Sunflower) Seed Oil*, Butyrospermum Parkii (Shea) Butter*, Dicaprylyl Carbonate, Prunus Amygdalus Dulcis (Sweet Almond) Oil*, Glycerin**, Anthemis Nobilis (Chamomile) Flower Water*, Glyceryl Stearate Citrate, Glyceryl Stearate, Calendula Officinalis Flower Water*, Cetearyl Alcohol, Equisetum Arvense (Horsetail) Extract*, Sodium Stearoyl Glutamate, Sodium Levulinate, Chondrus Crispus Powder, Rosmarinus Officinalis (Rosemary) Leaf Oil*, Tocopherol, Cedrus Atlantica (Cedar) Bark Oil*, Sodium Hyaluronate, Glycine Soja (Soybean) Oil, Citrus Aurantium Bergamia (Bergamot) Peel Oil*, Limonene\u00b0, Linalool\u00b0, Citric Acid, Potassium Sorbate, Sodium Benzoate<\/p>\n<p>*Ingredients from organic farming<\/p>\n<p>\u00b0From natural essential oils<\/p>\n<p>99% natural origin of total<\/p>\n<p>75% of the total ingredients are from organic farming<\/p>\n","protected":false},"excerpt":{"rendered":"<p>Skj\u00f3tt ats\u00fagvandi og langt\u00ed\u00f0arstimbrandi h\u00fa\u00f0krem til andlit og kropp.<\/p>\n","protected":false},"featured_media":25323,"comment_status":"open","ping_status":"closed","template":"","meta":{"_uf_show_specific_survey":0,"_uf_disable_surveys":false,"site-sidebar-layout":"default","site-content-layout":"","ast-site-content-layout":"default","site-content-style":"default","site-sidebar-style":"default","ast-global-header-display":"","ast-banner-title-visibility":"","ast-main-header-display":"","ast-hfb-above-header-display":"","ast-hfb-below-header-display":"","ast-hfb-mobile-header-display":"","site-post-title":"","ast-breadcrumbs-content":"","ast-featured-img":"","footer-sml-layout":"","ast-disable-related-posts":"","theme-transparent-header-meta":"default","adv-header-id-meta":"","stick-header-meta":"","header-above-stick-meta":"","header-main-stick-meta":"","header-below-stick-meta":"","astra-migrate-meta-layouts":"set","ast-page-background-enabled":"default","ast-page-background-meta":{"desktop":{"background-color":"","background-image":"","background-repeat":"repeat","background-position":"center center","background-size":"auto","background-attachment":"scroll","background-type":"","background-media":"","overlay-type":"","overlay-color":"","overlay-opacity":"","overlay-gradient":""},"tablet":{"background-color":"","background-image":"","background-repeat":"repeat","background-position":"center center","background-size":"auto","background-attachment":"scroll","background-type":"","background-media":"","overlay-type":"","overlay-color":"","overlay-opacity":"","overlay-gradient":""},"mobile":{"background-color":"","background-image":"","background-repeat":"repeat","background-position":"center center","background-size":"auto","background-attachment":"scroll","background-type":"","background-media":"","overlay-type":"","overlay-color":"","overlay-opacity":"","overlay-gradient":""}},"ast-content-background-meta":{"desktop":{"background-color":"var(--ast-global-color-5)","background-image":"","background-repeat":"repeat","background-position":"center center","background-size":"auto","background-attachment":"scroll","background-type":"","background-media":"","overlay-type":"","overlay-color":"","overlay-opacity":"","overlay-gradient":""},"tablet":{"background-color":"var(--ast-global-color-5)","background-image":"","background-repeat":"repeat","background-position":"center center","background-size":"auto","background-attachment":"scroll","background-type":"","background-media":"","overlay-type":"","overlay-color":"","overlay-opacity":"","overlay-gradient":""},"mobile":{"background-color":"var(--ast-global-color-5)","background-image":"","background-repeat":"repeat","background-position":"center center","background-size":"auto","background-attachment":"scroll","background-type":"","background-media":"","overlay-type":"","overlay-color":"","overlay-opacity":"","overlay-gradient":""}},"_price":"380","_stock":"4","_tribe_ticket_header":"","_tribe_default_ticket_provider":"","_tribe_ticket_capacity":"10","_ticket_start_date":"","_ticket_end_date":"","_tribe_ticket_show_description":"","_tribe_ticket_show_not_going":false,"_tribe_ticket_use_global_stock":"","_tribe_ticket_global_stock_level":"","_global_stock_mode":"","_global_stock_cap":"","_tribe_rsvp_for_event":"","_tribe_ticket_going_count":"","_tribe_ticket_not_going_count":"","_tribe_tickets_list":"[]","_tribe_ticket_has_attendee_info_fields":false,"_themeisle_gutenberg_block_has_review":false},"product_brand":[103],"product_cat":[66],"product_tag":[],"class_list":{"0":"post-25322","1":"product","2":"type-product","3":"status-publish","4":"has-post-thumbnail","6":"product_brand-lucia-care","7":"product_cat-luciacare","8":"desktop-align-center","9":"tablet-align-left","10":"mobile-align-left","12":"first","13":"instock","14":"taxable","15":"shipping-taxable","16":"purchasable","17":"product-type-simple"},"aioseo_notices":[],"post_mailing_queue_ids":[],"_links":{"self":[{"href":"https:\/\/statera.fo\/index.php?rest_route=\/wp\/v2\/product\/25322","targetHints":{"allow":["GET"]}}],"collection":[{"href":"https:\/\/statera.fo\/index.php?rest_route=\/wp\/v2\/product"}],"about":[{"href":"https:\/\/statera.fo\/index.php?rest_route=\/wp\/v2\/types\/product"}],"replies":[{"embeddable":true,"href":"https:\/\/statera.fo\/index.php?rest_route=%2Fwp%2Fv2%2Fcomments&post=25322"}],"wp:featuredmedia":[{"embeddable":true,"href":"https:\/\/statera.fo\/index.php?rest_route=\/wp\/v2\/media\/25323"}],"wp:attachment":[{"href":"https:\/\/statera.fo\/index.php?rest_route=%2Fwp%2Fv2%2Fmedia&parent=25322"}],"wp:term":[{"taxonomy":"product_brand","embeddable":true,"href":"https:\/\/statera.fo\/index.php?rest_route=%2Fwp%2Fv2%2Fproduct_brand&post=25322"},{"taxonomy":"product_cat","embeddable":true,"href":"https:\/\/statera.fo\/index.php?rest_route=%2Fwp%2Fv2%2Fproduct_cat&post=25322"},{"taxonomy":"product_tag","embeddable":true,"href":"https:\/\/statera.fo\/index.php?rest_route=%2Fwp%2Fv2%2Fproduct_tag&post=25322"}],"curies":[{"name":"wp","href":"https:\/\/api.w.org\/{rel}","templated":true}]}}