{"id":26874,"date":"2025-08-11T15:41:08","date_gmt":"2025-08-11T14:41:08","guid":{"rendered":"https:\/\/statera.fo\/?post_type=product&#038;p=26874"},"modified":"2025-09-25T22:09:33","modified_gmt":"2025-09-25T21:09:33","slug":"tannkrem-75-ml","status":"publish","type":"product","link":"https:\/\/statera.fo\/?product=tannkrem-75-ml","title":{"rendered":"Tannkrem 75 ml"},"content":{"rendered":"<h2>Beskrivelse<\/h2>\n<div class=\"productc-desc\">\n<p>&nbsp;<\/p>\n<p><strong>Denne tandpasta indeholder en komplet fluorbeskyttelse imod tandcaries.<\/strong><\/p>\n<p>Urterne i tandpastaen opretholder et sundt og st\u00e6rkt tandk\u00f8d, samt en frisk \u00e5nde.<\/p>\n<p>Dette produkt er tilpasset til sensitiv og t\u00f8r oral slimhinde.<\/p>\n<p>Hj\u00e6lper med at bek\u00e6mpe plak og lindre inflammation.<\/p>\n<p>Denne tandpasta indeholder naturlige ingredienser.<\/p>\n<p>Ingen kunstige farvestoffer, aromaer eller konserveringsmidler.<\/p>\n<p>\u2022 Bl\u00f8dg\u00f8rende<br \/>\n\u2022 Urtesmag<br \/>\n\u2022 Ingen SLS, parabener, coloranter eller mineralske olier.<\/p>\n<p>Hampolien er lavet med overholdelse af GACP<br \/>\nog den endelige produktion er <strong>GMP-certificeret<\/strong>.<\/p>\n<p><strong>Benyttelse:<\/strong> B\u00f8rst dine t\u00e6nder to gange om dagen med tandpastaen i 2 minutter.<br \/>\nSkyl efterf\u00f8lgende med vand.<\/p>\n<p><strong>OBS:<\/strong> Indeholder Sodium Fluoride, 1450 ppmF.<br \/>\nAnbefales ikke til b\u00f8rn under 12 \u00e5r.<\/p>\n<p><img fetchpriority=\"high\" decoding=\"async\" class=\"size-medium wp-image-114490 aligncenter\" src=\"https:\/\/wetality.com\/wp-content\/uploads\/2024\/02\/CosmoHemps-toothpaste-75ml-single-page-img-264x300.png\" sizes=\"(max-width: 264px) 100vw, 264px\" srcset=\"https:\/\/wetality.com\/wp-content\/uploads\/2024\/02\/CosmoHemps-toothpaste-75ml-single-page-img-264x300.png 264w, https:\/\/wetality.com\/wp-content\/uploads\/2024\/02\/CosmoHemps-toothpaste-75ml-single-page-img-901x1024.png 901w, https:\/\/wetality.com\/wp-content\/uploads\/2024\/02\/CosmoHemps-toothpaste-75ml-single-page-img-768x872.png 768w, https:\/\/wetality.com\/wp-content\/uploads\/2024\/02\/CosmoHemps-toothpaste-75ml-single-page-img-416x473.png 416w, https:\/\/wetality.com\/wp-content\/uploads\/2024\/02\/CosmoHemps-toothpaste-75ml-single-page-img.png 1000w\" alt=\"\" width=\"264\" height=\"300\" \/><\/p>\n<p><strong>Ingredienser:<\/strong> <i>Aqua, Xylitol, Hydrated Silica, Sorbitol, Glycerine, Betaine, Poloxamer 407, Aroma, Titanium Dioxide, Polysorbate 20, Hydroxypropyl Methylcellulose, Cellulose Gum, Olea Europaea Leaf Extract, Cannabis Sativa L. Extract, Allantoin, Sodium Fluoride, Disodium Edta, Sodium Saccharin, Sodium Benzoate, Ci 75815.<\/i><\/p>\n<\/div>\n","protected":false},"excerpt":{"rendered":"<p>Tannkrem v\/flour. Uttan SLS, parabenir og eftirgj\u00f8rd \u00edlatingarevni.<br \/>\nInniheldur urtir og hampolju, i\u00f0 verja m\u00f3ti karies, styrkja tannkj\u00f8ti\u00f0 og geva fr\u00edskan anda.<\/p>\n<p>&nbsp;<\/p>\n","protected":false},"featured_media":26875,"comment_status":"open","ping_status":"closed","template":"","meta":{"_uf_show_specific_survey":0,"_uf_disable_surveys":false,"site-sidebar-layout":"default","site-content-layout":"","ast-site-content-layout":"default","site-content-style":"default","site-sidebar-style":"default","ast-global-header-display":"","ast-banner-title-visibility":"","ast-main-header-display":"","ast-hfb-above-header-display":"","ast-hfb-below-header-display":"","ast-hfb-mobile-header-display":"","site-post-title":"","ast-breadcrumbs-content":"","ast-featured-img":"","footer-sml-layout":"","ast-disable-related-posts":"","theme-transparent-header-meta":"default","adv-header-id-meta":"","stick-header-meta":"","header-above-stick-meta":"","header-main-stick-meta":"","header-below-stick-meta":"","astra-migrate-meta-layouts":"set","ast-page-background-enabled":"default","ast-page-background-meta":{"desktop":{"background-color":"","background-image":"","background-repeat":"repeat","background-position":"center center","background-size":"auto","background-attachment":"scroll","background-type":"","background-media":"","overlay-type":"","overlay-color":"","overlay-opacity":"","overlay-gradient":""},"tablet":{"background-color":"","background-image":"","background-repeat":"repeat","background-position":"center center","background-size":"auto","background-attachment":"scroll","background-type":"","background-media":"","overlay-type":"","overlay-color":"","overlay-opacity":"","overlay-gradient":""},"mobile":{"background-color":"","background-image":"","background-repeat":"repeat","background-position":"center center","background-size":"auto","background-attachment":"scroll","background-type":"","background-media":"","overlay-type":"","overlay-color":"","overlay-opacity":"","overlay-gradient":""}},"ast-content-background-meta":{"desktop":{"background-color":"var(--ast-global-color-5)","background-image":"","background-repeat":"repeat","background-position":"center center","background-size":"auto","background-attachment":"scroll","background-type":"","background-media":"","overlay-type":"","overlay-color":"","overlay-opacity":"","overlay-gradient":""},"tablet":{"background-color":"var(--ast-global-color-5)","background-image":"","background-repeat":"repeat","background-position":"center center","background-size":"auto","background-attachment":"scroll","background-type":"","background-media":"","overlay-type":"","overlay-color":"","overlay-opacity":"","overlay-gradient":""},"mobile":{"background-color":"var(--ast-global-color-5)","background-image":"","background-repeat":"repeat","background-position":"center center","background-size":"auto","background-attachment":"scroll","background-type":"","background-media":"","overlay-type":"","overlay-color":"","overlay-opacity":"","overlay-gradient":""}},"_price":"119","_stock":"1","_tribe_ticket_header":"","_tribe_default_ticket_provider":"","_tribe_ticket_capacity":"3","_ticket_start_date":"","_ticket_end_date":"","_tribe_ticket_show_description":"","_tribe_ticket_show_not_going":false,"_tribe_ticket_use_global_stock":"","_tribe_ticket_global_stock_level":"","_global_stock_mode":"","_global_stock_cap":"","_tribe_rsvp_for_event":"","_tribe_ticket_going_count":"","_tribe_ticket_not_going_count":"","_tribe_tickets_list":"[]","_tribe_ticket_has_attendee_info_fields":false,"_themeisle_gutenberg_block_has_review":false},"product_brand":[105],"product_cat":[101],"product_tag":[],"class_list":{"0":"post-26874","1":"product","2":"type-product","3":"status-publish","4":"has-post-thumbnail","6":"product_brand-wetality","7":"product_cat-wetality","8":"desktop-align-center","9":"tablet-align-left","10":"mobile-align-left","12":"first","13":"instock","14":"taxable","15":"shipping-taxable","16":"purchasable","17":"product-type-simple"},"aioseo_notices":[],"post_mailing_queue_ids":[],"_links":{"self":[{"href":"https:\/\/statera.fo\/index.php?rest_route=\/wp\/v2\/product\/26874","targetHints":{"allow":["GET"]}}],"collection":[{"href":"https:\/\/statera.fo\/index.php?rest_route=\/wp\/v2\/product"}],"about":[{"href":"https:\/\/statera.fo\/index.php?rest_route=\/wp\/v2\/types\/product"}],"replies":[{"embeddable":true,"href":"https:\/\/statera.fo\/index.php?rest_route=%2Fwp%2Fv2%2Fcomments&post=26874"}],"wp:featuredmedia":[{"embeddable":true,"href":"https:\/\/statera.fo\/index.php?rest_route=\/wp\/v2\/media\/26875"}],"wp:attachment":[{"href":"https:\/\/statera.fo\/index.php?rest_route=%2Fwp%2Fv2%2Fmedia&parent=26874"}],"wp:term":[{"taxonomy":"product_brand","embeddable":true,"href":"https:\/\/statera.fo\/index.php?rest_route=%2Fwp%2Fv2%2Fproduct_brand&post=26874"},{"taxonomy":"product_cat","embeddable":true,"href":"https:\/\/statera.fo\/index.php?rest_route=%2Fwp%2Fv2%2Fproduct_cat&post=26874"},{"taxonomy":"product_tag","embeddable":true,"href":"https:\/\/statera.fo\/index.php?rest_route=%2Fwp%2Fv2%2Fproduct_tag&post=26874"}],"curies":[{"name":"wp","href":"https:\/\/api.w.org\/{rel}","templated":true}]}}